-18*p**2 + 8 + 54*p**2 - 9 + 0 - 24*p**2 + 5*p. Give y(2).
57
Let p be (-2)/(-5)*(-3 + 7 - -1). Suppose 0 = -p*x + 11*x - 18. Let l(f) = -17*f**2 + 28*f**2 - 7 - 16*f**x - f**3. Give l(-5).
-7
Suppose -3*a + 4*c = -11, 0 = -2*a + c + 17 - 8. Suppose a = 5*b + 20. Let w(r) = -r**2 + r + 3. What is w(b)?
-9
Let w(g) = 10*g - 3. Let k be (-5)/(-15)*(11 + -5). Suppose -3*i + 7 = 2*m - 2, -2*i + k*m = -6. What is w(i)?
27
Suppose -23 + 53 = 5*j. Let m(g) be the first derivative of g**3/3 - 4*g**2 + 6*g - 516. Calculate m(j).
-6
Suppose -g = -0*g - 3*g. Suppose 6*x - 2*x + w - 21 = g, -3*x + 16 = w. Let t(z) = 7*z - x*z**2 - 8*z**2 + z**3 + 3*z**2 - 14 - 5*z. Calculate t(10).
6
Let h(s) = -2*s + 0*s + 11 + 6*s - 3*s. Let f be h(-7). Let i(w) = 30 + 34 - f*w - 63. Calculate i(-1).
5
Let w(h) = h**3 + h**2 + 3*h + 6314. Let a be w(0). Let g(m) = m - a*m**2 + 6314*m**2 - 5*m**3 + 4*m**3. Calculate g(-1).
0
Let x(f) = -6*f**2 + 222*f + 462. Let s be x(39). Let h(c) = -c**2 - 3*c. Let n be h(-3). Let o(p) = -8*p**2 - p**3 - 7 - 10*p + n*p**3 + 1. Give o(s).
-18
Let k(h) = h**3 - 33*h**2 - 1. Let o be k(33). Let b be 39 - 27 - ((0 - o) + 3). Let u(d) = 2*d - 3. What is u(b)?
13
Let z(m) = -2*m**2 + 53*m + 26. Let p(g) = g**3 - 41*g**2 + 143*g + 212. Let d be p(37). Determine z(d).
-1
Let j(a) = a + 76. Let w(o) = -5*o - 71. Let g(y) = -3*j(y) - 3*w(y). Determine g(9).
93
Let k(t) = 17 - 6*t - 27 - 25*t + 0*t + 18. Determine k(-1).
39
Let z = 211 + -204. Let v(d) = 22*d - 160. Let y be v(z). Let j(c) = 2*c**2 + 11*c + 4 - 3*c - c**2. Calculate j(y).
-8
Let u(y) be the third derivative of y**7/420 - y**6/120 - y**5/40 - y**4/6 - 5*y**3/2 + 14*y**2 + 5. Let b(v) be the first derivative of u(v). Calculate b(3).
14
Let u(h) = h**3 + 16*h**2 - 14*h + 55. Suppose 2*z = -0*z + 4*k - 26, -z + 3*k - 11 = 0. Give u(z).
4
Let v(d) = -6*d + 1. Suppose -530*t - 570 - 214 = -642*t. Calculate v(t).
-41
Let d(r) be the first derivative of -4*r**3/3 - 2*r**2 - 5*r + 5441. Give d(-4).
-53
Suppose 0*t + 5*t + 530 = 0. Let n = 108 + t. Let r(a) = -4*a**n - 4 - 1 - a**3 + 6*a + 2. Determine r(-5).
-8
Let o(d) = d**3 - 2*d**2 - 5*d + 4. Let h(v) = 1 + 4 - 6 + 2*v - 5*v. Let x be h(1). Let j be 12/2 - (5 + 8/x). What is o(j)?
-2
Let b = -71 - -78. Let h(m) = -3*m + 0 + 1 + b*m. Let l be 0/(8/(-4)) + -4. Give h(l).
-15
Let m(v) be the third derivative of v**4/24 - 31*v**3/6 - 197*v**2 - 3. What is m(-15)?
-46
Let i(u) = u - 2. Let n be (-10)/(-95) + 17/19. Suppose 4*h - 9 = -n. Let a be 5 - (h + -3 - 0). Determine i(a).
4
Let j(z) = -2*z + 9. Suppose -11*t + 169 = 433. Let q be (-1)/((t/20)/(-6)). Calculate j(q).
19
Let v(r) = -r**2 - 15*r + 12. Let o be v(7). Let p = o - -136. Let g(q) = q**2 + 8*q - 5. Calculate g(p).
-17
Suppose 8*u = 30*u - 44. Let b(s) = -13*s**3 - s**2 - 2*s + 4. What is b(u)?
-108
Let b(n) = -99*n + 3. Let h(v) = 444*v - 12. Let t(f) = -9*b(f) - 2*h(f). Suppose 4*u + 0*z = -3*z + 45, 30 = 5*u - 5*z. Calculate t(u).
24
Let i(p) = -4*p**2 + 2*p - 3. Let k be i(1). Let z(d) be the second derivative of -d**4/12 + d**2 - 456*d. What is z(k)?
-23
Suppose k - 2*v = 0, 113*k - 30 = 115*k + 2*v. Let a(i) = 44*i + 440. Calculate a(k).
0
Let i(d) = -4*d - 5*d + 20*d + 4 - 10*d. Let z = -10 - -7. Let u = -8 - z. Determine i(u).
-1
Let h(n) be the second derivative of -1/12*n**4 - 167*n + 0 + 1/2*n**3 - 3/2*n**2. What is h(4)?
-7
Let i be (-4)/4 - (-5)/1. Suppose 5*s - 2*b - 10 = 0, -6 = -3*s - 5*b - 0*b. Suppose -3*a = -s*m - 0*m + 12, a + i = 2*m. Let h(n) = n + 4. Determine h(a).
0
Let p(n) be the third derivative of 1/24*n**4 - 2*n**2 + 1/15*n**5 + 0*n + 0*n**3 + 0. Give p(-1).
3
Suppose 67 = -3*z - 5*r + 80, -5*z = r - 7. Let q(j) = -6*j**3 + j**2 + j + 1. Let l(h) = -6*h**3 + h**2 + 2*h + 1. Let f(y) = 3*l(y) - 4*q(y). Calculate f(z).
6
Let a(x) = -x**2 + 8*x - 7. Let f(t) = 11 + 12*t - 2*t**2 - 25 + 4*t. Let q(n) = 5*a(n) - 3*f(n). Let s(v) = 6*v**2 + 2*v + 1. Let u be s(-1). Calculate q(u).
-8
Let x(p) be the third derivative of -p**5/12 + p**4/12 + p**3 + 2*p**2 - 486*p. Give x(0).
6
Let p(h) = -16*h + 11*h**2 - 4*h**3 + 4*h**3 - 2255 - h**3 + 2264. Let f(k) = k**3 - 10*k**2 + 14*k - 8. Let r(j) = 5*f(j) + 4*p(j). Calculate r(5).
1
Let s(b) be the second derivative of b**4/12 - 11*b**3/2 + 37*b**2/2 + 4*b - 279. What is s(32)?
5
Suppose x + 94 = -9*d, 57*d + 2*x = 52*d - 58. Let c(k) = k. Let g(y) = -y**3 - 10*y**2 - 3*y - 11. Let j(t) = 4*c(t) + g(t). What is j(d)?
-21
Let p(u) be the second derivative of -u**4/12 - u**3/3 - 19*u**2/2 + 3024*u. What is p(6)?
-67
Let i(s) = 16*s - 7*s - 30*s + 22*s + 7. Determine i(-9).
-2
Let p(j) = -j - 5. Let v = -47 - -49. Let b(l) = -9 + 14 + 5 + 4 - v*l. Let c be b(10). Give p(c).
1
Suppose -248*i = -257*i + 36. Let v(m) = 0*m + 10*m - m**3 + 3*m - 28*m - i - 16*m**2. What is v(-15)?
-4
Let u = 41 + -30. Let d(p) = p**2 + 11*p + p**2 - 16*p + u*p. Determine d(-4).
8
Let f(g) = g**3 - g**2 + 8*g + 1. Let z = -663 - -663. What is f(z)?
1
Let l be 6 - (11 - (2 + -3)). Suppose c = -5*g + 2*c + 8, 0 = 5*g + 3*c - 16. Let f(d) = d**g - 4*d - 1 - 2*d - 3*d**3 + 4*d**3 + 4*d**2. Give f(l).
-1
Let v(j) be the second derivative of -9/2*j**2 - 1/12*j**4 - 62*j - 11/6*j**3 + 0. Calculate v(-10).
1
Suppose 2*o + 1313 = 2*j - 635, 5*j - 2930 = 3*o. Let n be (-1)/6 - o/60. Suppose -4*a = -n*a. Let f(p) = p + 1. Give f(a).
1
Let p(l) = 22*l**3 - 40*l**2 - 33*l + 137. Let r(m) = 7*m**3 - 13*m**2 - 11*m + 44. Let h(t) = 6*p(t) - 19*r(t). Calculate h(8).
10
Let q(c) = -c**2 + 6*c - 5. Let o be 2/(2/(-10) + 8/(-10)). Let a be 120/(-48) + 201/o. Let l = a + 108. Calculate q(l).
0
Let q(g) = -6*g**2 + 10 - 4 - 5*g**2 + 6*g. Let f(p) = -2*p**2 + 1. Let n(k) = 6*f(k) - q(k). Give n(-8).
-16
Let g(w) = w**3 - 8*w**2 + 97*w - 16. Let a(b) = 11*b - 1. Let j(u) = -8*a(u) + g(u). Suppose 3*z + 12 = -z. Let q = 4 - z. What is j(q)?
6
Let y(r) = -4*r - 2. Let q = 154 - 152. Suppose 2*g - q = 0, 0 = -x - 3*g - g - 3. Give y(x).
26
Let k(j) = -32*j + 262. Suppose 2*h - 5*c = -480 + 523, -5*h = -3*c - 60. What is k(h)?
-26
Let d(b) = b**2 - 5*b - 5. Let c be (-4 - -1) + (-6)/1. Let n(l) = -8*l**2 + 5 - 13502*l - 18 - l**3 + 13509*l. Let g be n(c). Calculate d(g).
-5
Let h(t) = -41*t + 4 + 9*t - 119*t**2 - 88*t**2 + 201*t**2. Determine h(-5).
14
Suppose 5*g = 10 + 15. Suppose 4*p - 3 = s - 2*s, -10 = -g*p + 5*s. Let m(n) = -4*n + n + 64*n**2 + 2*n + 21*n**2 - 94*n**2. Give m(p).
-10
Let z(y) = 2*y**2 - 12*y + 4. Let f be z(-2). Let j be f/84 + (-12)/28. Let k(x) = x**3 - x**2 + x - 29. Calculate k(j).
-29
Let w(v) be the first derivative of -v**2/2 + 2*v - 2. Let l be -20*(-8)/32*1. Let h be 1/(8/(-120)*l). What is w(h)?
5
Let p(a) = -27*a + 32*a - 20 - 18 - 23 + 60. Give p(3).
14
Let s = -636 + 634. Let h(g) = -6*g**3 + 7*g**2 - 2*g + 11. Let j(o) = -5*o**3 + 6*o**2 - 2*o + 9. Let p(t) = -6*h(t) + 7*j(t). Calculate p(s).
-7
Let o(t) = 2*t**2 - 187*t - 272. Let r be o(95). Let v(n) = 3*n - 10. Calculate v(r).
29
Let q(j) be the first derivative of 5*j**3/3 - 13*j**2/2 - 5*j - 4722. Calculate q(7).
149
Let r(g) = -947*g + 120. Let x(z) = -437*z + 60. Let w(i) = 6*r(i) - 13*x(i). What is w(-21)?
-39
Let c be (2 - 8) + (4 + -7 - -5). Let q be 120/10*2/c. Let s(m) be the first derivative of m**2/2 + 5*m + 7. Calculate s(q).
-1
Let s(d) = -3*d. Let p(y) = 2*y**2 - 13*y - 4. Let k be p(7). Suppose 4*a + 19 - 5 = 2*z, -3*z + 3 = k*a. Suppose 5 = 2*l + z. Calculate s(l).
-3
Let h(a) = -45*a + 2*a + 11*a + 34*a - 18*a. Let i be -1*2/(-1*2). What is h(i)?
-16
Let x = -68532 + 68533. Let v(w) be the third derivative of 13*w**5/20 + w**4/12 - w**3/6 - w**2. Give v(x).
40
Let p(o) = -2*o**2 + 5*o. Let b be 1 - (6/(-9))/(((-34)/(-6))/17). Give p(b).
-3
Let z(f) be the first derivative of 5*f**2/2 + f - 2. Let s be (-8)/(-2) + -2 + (-10)/(-40)*-12. Calculate z(s).
-4
Suppose k + 15 - 6 = 0. Let f be 3/k - 49/(-3). Let d(v) = -18*v - 3 - 3 - 5 + f*v. Give d(-8).
5
Let o(a) = 10*a + 1. Let d(l) = 2*l + 3. Let m(x) = -11*d(x) + 2*o(x). Give m(-19).
7
Let o(i) = -3*i**2 + 8*i + 5. Suppose -85 = 5*q - 4*w - 106, 2*q - 4*w = 6. Calculate o(q).
-30
Let n = -114 - -118. Let a be (n + -7)/(24/(-16)). Let b(r) = r. Determine b(a).
2
Let i(z) = -11*z + 76. Let t(q) = -4*q + 2